e
Is 79773893 a prime number?
True
Is 10568234 composite?
True
Is 308469377 a composite number?
False
Is 3783593 a prime number?
False
Is 5100505 a composite number?
True
Is 3759969 composite?
True
Is 11507443 a composite number?
False
Is 1033829 composite?
False
Is 143223679 a composite number?
False
Is 6673591 prime?
True
Is 3521909 prime?
True
Is 34791833 a composite number?
True
Is 15842173 composite?
False
Is 226516289 prime?
True
Is 4888347 prime?
False
Is 5628833 composite?
True
Is 63225107 prime?
False
Is 5613211 prime?
False
Is 803389 a prime number?
True
Is 84542857 a composite number?
True
Is 62648546 composite?
True
Is 320079623 prime?
False
Is 102029 a prime number?
False
Is 118301957 composite?
False
Is 306179509 composite?
True
Is 16538147 composite?
False
Is 24273953 composite?
True
Is 2305623 a prime number?
False
Is 57734351 prime?
False
Is 49563401 prime?
False
Is 22590443 a composite number?
False
Is 7915133 a prime number?
True
Is 3858839 composite?
False
Is 151202401 prime?
False
Is 8582177 a prime number?
True
Is 21445751 composite?
False
Is 496854367 a composite number?
False
Is 2441561 a composite number?
False
Is 99452909 prime?
True
Is 175132799 a prime number?
True
Is 3308386 a prime number?
False
Is 4571129 composite?
True
Is 123916427 prime?
False
Is 19078693 a prime number?
True
Is 241907 prime?
True
Is 96726671 composite?
False
Is 2010119 prime?
False
Is 16079849 prime?
True
Is 5841961 prime?
True
Is 799553 a prime number?
True
Is 14889769 a prime number?
False
Is 50243107 a prime number?
False
Is 6360511 a prime number?
False
Is 120378877 a composite number?
False
Is 15131783 composite?
False
Is 114277237 a prime number?
True
Is 2911999 a composite number?
True
Is 2321213 a prime number?
True
Is 35776589 composite?
True
Is 9936581 a composite number?
False
Is 2823371 prime?
True
Is 44087071 a composite number?
True
Is 41227741 a prime number?
True
Is 782912327 a prime number?
True
Is 12174059 a prime number?
True
Is 9821983 composite?
True
Is 5776429 a prime number?
True
Is 2325761 a composite number?
False
Is 30874079 composite?
False
Is 18587 composite?
False
Is 7750643 composite?
True
Is 41375639 a composite number?
False
Is 34043 composite?
True
Is 31743323 prime?
False
Is 31917637 prime?
True
Is 108748249 a composite number?
True
Is 81666835 composite?
True
Is 44008831 prime?
False
Is 94005507 composite?
True
Is 2693501 prime?
True
Is 3904189 a composite number?
False
Is 14800403 a composite number?
True
Is 9946694 composite?
True
Is 85662715 composite?
True
Is 8810761 composite?
True
Is 215943547 composite?
True
Is 1961381 composite?
False
Is 407686039 composite?
True
Is 5761673 composite?
False
Is 75882187 prime?
True
Is 56451401 a prime number?
True
Is 15042791 prime?
False
Is 13045295 a composite number?
True
Is 1899253 a prime number?
True
Is 537919639 prime?
True
Is 2874617 a prime number?
True
Is 437918489 composite?
True
Is 52915547 a prime number?
True
Is 36160231 a prime number?
True
Is 498465791 composite?
False
Is 2995381 a composite number?
True
Is 7721671 prime?
True
Is 570103741 a prime number?
False
Is 200984351 composite?
True
Is 565769 a prime number?
True
Is 2650961 composite?
False
Is 171213557 composite?
False
Is 1911071 a prime number?
False
Is 333841 prime?
False
Is 10329857 a composite number?
False
Is 28528337 prime?
False
Is 2368781 a prime number?
False
Is 107726609 a prime number?
True
Is 24679243 prime?
True
Is 26871281 composite?
False
Is 139412233 prime?
True
Is 1348597 a prime number?
True
Is 38464939 a prime number?
False
Is 982269857 prime?
True
Is 58569263 composite?
False
Is 54054887 composite?
False
Is 286879 a prime number?
False
Is 1917217 composite?
True
Is 17939533 composite?
True
Is 8043493 prime?
False
Is 330229541 a prime number?
True
Is 3377 prime?
False
Is 3608239 a prime number?
True
Is 4110331 a prime number?
True
Is 4450909 prime?
True
Is 358482739 prime?
False
Is 259740799 prime?
True
Is 196255723 a composite number?
False
Is 1086551 prime?
False
Is 2633207 prime?
True
Is 114009515 a composite number?
True
Is 29109694 prime?
False
Is 15271303 a composite number?
True
Is 17251163 a prime number?
True
Is 12268541 a prime number?
True
Is 1329701 prime?
True
Is 49796391 composite?
True
Is 52643317 a prime number?
False
Is 8608165 prime?
False
Is 747577 a composite number?
True
Is 136507 a composite number?
True
Is 164133121 a prime number?
True
Is 537306179 a composite number?
False
Is 16816237 a prime number?
False
Is 71352377 composite?
False
Is 92980291 a composite number?
True
Is 1414119067 a prime number?
True
Is 7434923 a composite number?
True
Is 2690617 a prime number?
False
Is 3976043 a prime number?
True
Is 23432371 a composite number?
False
Is 8304851 composite?
True
Is 10903949 composite?
True
Is 43643527 prime?
True
Is 43281143 prime?
False
Is 21641011 composite?
True
Is 40226473 a prime number?
False
Is 257087197 prime?
False
Is 2790826 prime?
False
Is 48832807 a prime number?
False
Is 6319333 a composite number?
False
Is 649468379 a composite number?
True
Is 208447 composite?
True
Is 2360417 a prime number?
True
Is 7484251 a composite number?
False
Is 10181627 a prime number?
True
Is 28016587 a prime number?
False
Is 732999299 composite?
True
Is 42412283 a prime number?
False
Is 152468011 prime?
True
Is 99579581 a composite number?
True
Is 2319353 a composite number?
False
Is 473412193 composite?
False
Is 11447453 prime?
True
Is 59695817 a composite number?
False
Is 786689 composite?
True
Is 72162049 a prime number?
True
Is 8810807 a prime number?
True
Is 10038629 composite?
False
Is 49261691 a prime number?
False
Is 193723 composite?
False
Is 24891953 composite?
True
Is 4341559 a composite number?
True
Is 3263333 composite?
False
Is 98669 a composite number?
False
Is 8068381 composite?
True
Is 456286619 a prime number?
False
Is 28643477 composite?
True
Is 526909 composite?
False
Is 11803513 a prime number?
False
Is 9221453 composite?
False
Is 351737 a prime number?
False
Is 20404679 a prime number?
True
Is 16527545 a prime number?
False
Is 668960389 a composite number?
False
Is 113677387 a composite number?
False
Is 18813521 prime?
False
Is 14625043 composite?
True
Is 135593231 composite?
True
Is 535985 composite?
True
Is 4533503 a prime number?
False
Is 509025893 prime?
False
Is 621591 a composite number?
True
Is 69262841 composite?
False
Is 6426779 a composite number?
True
Is 8533013 a composite number?
True
Is 266430757 a prime number?
True
Is 41816773 composite?
False
Is 2558039 a composite number?
True
Is 2094857 a composite number?
True
Is 2845943 a prime number?
False
Is 37579 a composite number?
False
Is 2262619 a prime number?
True
Is 2852077 composite?
False
Is 4694603 a composite number?
False
Is 1181541 a composite number?
True
Is 17035511 prime?
True
Is 34939571 a composite number?
True
Is 3320267 a prime number?
False
Is 3853651 a composite number?
True
Is 43591099 a prime number?
False
Is 2739461 prime?
False
Is 70738051 prime?
True
Is 16937743 prime?
False
Is 3575399 a composite number?
True
Is 15146153 a prime number?
False
Is 1269553 composite?
True
Is 196366817 composite?
False
Is 235889 a prime number?
True
Is 77545049 a composite number?
False
Is 16847067 composite?
True
Is 1355250671 a composite number?
False
Is 47411591 a prime number?
True
Is 896687 prime?
False
Is 2106091 a composite number?
True
Is 446393 a composite number?
True
Is 11205967 prime?
False
Is 11707 a prime number?
False
Is 147765143 a composite number?
False
Is 880109 a prime number?
True
Is 274229 a composite number?
True
Is 18362977 prime?
True
Is 7330993 a prime number?
True
Is 2431883 prime?
False
Is 124640687 a prime number?
True
Is 18539531 prime?
False
Is 543831 prime?
False
Is 15528077 a composite number?
False
Is 125942189 prime?
True
Is 7666879 prime?
False
Is 8483702 prime?
False
Is 20590631 a prime number?
True
Is 150259577 prime?
False
Is 24519991 prime?
True
Is 31000097 prime?
False
Is 10932727 prime?
False
Is 47658839 a composite number?
False
Is 497424739 a prime number?
False
Is 58902729 a composite number?
True
Is 5081569 composite?
True
Is 472689571 composite?
False
Is 2007526 composite?
True
Is 17037611 a composite number?
False
I